p = 13 + r. What is the units digit of p?
7
Let l be (-4)/(1 + -5) + (650 - -1). Suppose -4*z + l = -3*f, -163 = -z - 0*z - 5*f. What is the hundreds digit of z?
1
Suppose -g + 2656 = 3*g. What is the hundreds digit of g?
6
Let p(z) = 1. Let l(o) = -9*o - 1. Let v be -7*4*(-12)/56. Let q(h) = v*p(h) + l(h). What is the units digit of q(-3)?
2
Suppose 3*r + 101 - 14 = 0. Let y = -2 - 15. Let u = y - r. What is the tens digit of u?
1
Let f(n) = 3*n**3 - 9*n**2 + 2*n - 23. What is the units digit of f(7)?
9
Let b(r) = 156*r**2 + 7*r - 18. What is the hundreds digit of b(2)?
6
Suppose -3*n + 5*y = -0*y - 1, -3 = -n - y. What is the tens digit of (51 - 1)/n + -29 + 28?
2
Let q be (24/(-10))/((-4)/170). Let h be (-10)/((-1)/1 - (1 + 0)). Suppose -4*p = -5*o - 99, h*p - o - q = -2*o. What is the units digit of p?
1
Let d(h) = -695*h**3 - 4*h**2 - 2*h. What is the units digit of d(-1)?
3
Suppose 448 = 5*p - 2*n + 94, -2*p - 2*n + 150 = 0. Let w(y) = -y**2 - y - 5. Let f be w(-6). Let t = p + f. What is the tens digit of t?
3
Let b = 11 - -58. Let a = 165 - b. What is the tens digit of a?
9
Let y be 118/(28/6 + -4). Suppose 473 - y = 4*p. What is the units digit of p?
4
Let n = 114 - -210. What is the tens digit of n/7 - 4/14?
4
Let m(s) = -46*s**2 - 1 + 2*s - 1 + 49*s**2 - 3. What is the units digit of m(-4)?
5
Let d(q) = 34*q - 39. Let u be d(12). Suppose 12*r - 15*r + u = 0. What is the units digit of r?
3
Let w(j) = 2*j + 8. Let n be w(0). Let x be (n/(-5) - -2)*415. Suppose 6*u - 212 = x. What is the tens digit of u?
6
Let j(p) = p**2 - 5*p. Let o be j(6). Let u = o + 9. What is the tens digit of u?
1
Suppose -p - 15 = 2*p, 4*l = 5*p + 5. Let r(m) be the third derivative of -11*m**4/24 - 11*m**3/6 + 7*m**2 - 1. What is the tens digit of r(l)?
4
Let g(r) = 2*r**2 - 9*r. Let a(m) = m**2 + 15*m + 11. Let h be a(-14). Let d be 9 - 1/h*-6. What is the tens digit of g(d)?
3
Suppose -2*n = -10 - 8. What is the tens digit of n/(-6)*1070/(-15)?
0
Suppose -2*w + 14 = -w - 4*f, -2*f + 26 = 5*w. Suppose -w = -t + 27. What is the units digit of t?
3
Suppose 0 = -4*w - 5*d + 281, w + 5*d + 48 = 137. Let l = w + -21. Let i = l - 13. What is the tens digit of i?
3
Suppose 3*m = -4*g + 1402, -4*m - 28*g = -30*g - 1906. What is the hundreds digit of m?
4
Let c be 6/(-7)*(-2 + -5). Suppose 3*q = 4*m + 182, -c*q - 5*m = -2*q - 284. What is the tens digit of q?
6
Suppose -5*p + 7*p + 5*k = 891, -p = -2*k - 432. What is the tens digit of p?
3
Suppose 2*h + 1 = -3, -4*c + 2*h + 24 = 0. Suppose 3*j = -c*o + 170, 5*o + 5*j = 133 + 47. What is the units digit of o?
1
Let s(g) = -13*g - 1. Let x(m) = m - 1. Let b be x(-6). Let f = -8 - b. What is the units digit of s(f)?
2
Let t(y) = y**2 + 5*y + 2. Suppose 0 = 4*w + 2*r + 118, -6*r = 5*w - 11*r + 125. Let u be (-14)/w + (-11)/2. What is the units digit of t(u)?
2
Let h(s) = s**2 + s - 8. Let w be h(6). Let d = -31 + w. Suppose -4*i - d*j = -10, -i + 2*j = 4 - 1. What is the units digit of i?
1
Let g = 301 - 428. Let r = g - -251. What is the hundreds digit of r?
1
Let k(c) = -2*c**3 + 4*c**2 + 3*c**3 - 9*c**2 - 9*c + 15. Let p be k(6). Let t = 10 - p. What is the tens digit of t?
1
Let o(l) = -383*l + 80. What is the units digit of o(-7)?
1
What is the hundreds digit of (5 - (-6 + 8))*(-518)/(-6)?
2
Suppose 604 = 2*s - 2*w, s - 3*w = 131 + 181. What is the tens digit of s?
9
Suppose 5145 = 15*h + 30. What is the tens digit of h?
4
Let x(d) = -d**2 - 17*d - 17. Suppose 5*o + 65 = -5. Let g be x(o). Suppose -8*v = -3*v - g. What is the units digit of v?
5
Suppose -11*m - 173 = -833. Let j = 143 - m. What is the units digit of j?
3
Let c = 4 + 1. Suppose u = -4*i - 31, 0 = i - 3*u + 3 - c. Let n(a) = -5*a + 14. What is the units digit of n(i)?
9
What is the hundreds digit of -3*(6135/(-63) - (-10)/(-35))?
2
Let r(o) = 27*o**2 - o. Suppose 13 = -4*i + 1. Let j be r(i). Suppose 2*w + 4*w = j. What is the tens digit of w?
4
Suppose 8*u - 5069 - 1835 = 0. Suppose -3*h - g = -u, -4*h + g + 1144 = -g. What is the hundreds digit of h?
2
Let z = 252 + -208. What is the tens digit of z?
4
Let d(v) = -7*v - 25. Let p be (-2 - 1)*(-20)/(-6). What is the units digit of d(p)?
5
Suppose -23570 = -21*j + 68452. What is the hundreds digit of j?
3
Suppose 3*l - 40 = 2*u + 2*u, 1 = -u. Suppose l*r = 3550 - 82. What is the units digit of r?
9
Let y(w) = 35*w**2 + 3*w - 2. Let l be y(3). Suppose -3*g + l = 124. What is the tens digit of g?
6
Let c be 5/(-2)*4/(-5). Suppose 225 = 4*y - 3*u, u = -2*y - c*y + 213. What is the tens digit of y?
5
Suppose -2*r + 327 = 23. What is the hundreds digit of r?
1
Let i(a) = -a**3 - 4*a**2 - 4*a - 4. Let x be i(-3). Let q = x + 3. Suppose s + q*s = 54. What is the tens digit of s?
1
Suppose -12 = 52*y - 50*y. What is the units digit of (0 - -71) + (y - 48/(-8))?
1
Let r be (-4)/(-12) + (-30)/9. Let p(x) = x**3 + 3*x**2 - 2*x + 3. Let d be p(r). What is the units digit of (-2)/(6/d) - -5?
2
Let u be 0/((-1)/(-3)*3). Let j be u - -1 - 4 - -5. Suppose 2*r + 29 = 4*x - 25, -j*x + 24 = -2*r. What is the tens digit of x?
1
Let o = 2285 + -1309. What is the units digit of o?
6
Let m(i) = 2 - 3*i**2 + 3*i + 4*i**2 + i**3 + 4*i**2. Let g(f) = f**3 - 2*f**2 - 5*f + 4. Let h be g(3). What is the units digit of m(h)?
8
Let u = 5 + -5. What is the units digit of 4 + u + (-32)/(-2)?
0
Let a = 23 - -163. Let w = a + -18. What is the units digit of w?
8
Suppose -15246 - 1533 = -5*a + 2*y, 3*y - 13414 = -4*a. What is the tens digit of a?
5
Suppose -1 - 16 = 3*a - 2*t, -24 = a + 3*t. Let u(b) = -b**3 - 8*b**2 - 5*b + 2. What is the tens digit of u(a)?
2
Suppose 0 = -9*g + 5*g - 4*y + 3144, 2*y - 2 = 0. What is the hundreds digit of g?
7
Suppose -83*y - 73792 = -99*y. What is the units digit of y?
2
Let q(p) = 14*p**3 - 27*p**2 + 3*p - 9. What is the thousands digit of q(5)?
1
Let u = 31 + -27. Suppose -u*n + 59 = -29. What is the units digit of n?
2
Suppose -5*n - 22 = 3. Let p = 53 - 45. Let b = n + p. What is the units digit of b?
3
Suppose -50*l + 66802 = 8052. What is the units digit of l?
5
Suppose -3*n - 99 = 69. Let r = n - -107. Suppose 0 = 4*j + 12, 4*a = 2*j + 3*j + r. What is the units digit of a?
9
Let d(r) be the second derivative of 0 - 5/4*r**4 + 3*r**2 + 5*r + 0*r**3 - 1/20*r**5. What is the units digit of d(-15)?
6
Let k be 10 + 9/(-3)*1. Let h(m) = m + 22. What is the units digit of h(k)?
9
Let m(b) = b**3 - b**2 - 10*b - 8. Let f(y) = 6*y - 7. Suppose -4*c - 2 = -5*a, 5*c - 16 = -4*a + a. Let n be f(a). What is the tens digit of m(n)?
4
What is the hundreds digit of (5604/15)/(((-12)/10)/(-6))?
8
Let a(m) = -2*m**2 + 31*m - 14. What is the hundreds digit of a(9)?
1
Suppose s = 2, 4*d + 4*s - 5003 = 4797. What is the tens digit of d?
4
Let j be ((-717)/(-6))/((-3)/(-6)). Suppose -j = -4*f + 5. What is the units digit of f?
1
Let m = -3248 + 5455. What is the tens digit of m?
0
Let s = -3689 - -6874. What is the units digit of s?
5
Suppose 0 = -4*o - 2*t - 8 + 34, 4*t + 12 = 0. What is the units digit of o/(32/(-6))*(-154)/3?
7
Suppose -2*h + 6 = -2. Suppose 0*l + 3*l - 15 = -r, -h*l - 3*r = -25. What is the units digit of 2/l + (-117)/(-26)?
5
Let t = -382 + 644. What is the hundreds digit of t?
2
What is the thousands digit of (-18)/60 - 20793/(-20)*2?
2
Let p(j) = 11*j - 22. Suppose -d + 4*w + 33 = -0*w, 2*d - w - 38 = 0. What is the tens digit of p(d)?
6
Let l = 255 - 252. Suppose r = -2*m + 5, 3*m + 3*r - 2 = 4. Suppose l*j - 138 = m. What is the tens digit of j?
4
Let t = -416 + 745. What is the units digit of t?
9
Suppose -2 = g, -2*d + 3*g = 7*g + 4. Suppose d*h - 4*z - 364 = 0, 2*h - 728 = -2*h - 5*z. What is the units digit of h?
2
Let v(o) = o + 14. Let h(p) = -p**2 + 6*p - 10. Let z be h(7). Let g be v(z). What is the units digit of 6/(-9) - 56/g?
8
Let q(d) = -87*d**2 + 5*d - 2. Let f be q(1). Let o = -15 - -2. Let c = o - f. What is the units digit of c?
1
What is the hundreds digit of (0 - -4)*100854/156?
5
Let j(v) be the third derivative of v**5/60 - 17*v**4/24 + v**3/3 + 11*v**2. What is the tens digit of j(20)?
6
Suppose 0 = -55*u - 14*u + 140415. What is the thousands digit of u?
2
Suppose 0 = -4*h - 71 - 5. Let x = 11 - h. What is the tens digit of x?
3
Let l(g) = 4*g**2 + 13*g - 34. 